{"id":274,"date":"2026-02-11T10:56:23","date_gmt":"2026-02-11T10:56:23","guid":{"rendered":"https:\/\/albmuhendislik.com\/?page_id=274"},"modified":"2026-02-11T11:50:11","modified_gmt":"2026-02-11T11:50:11","slug":"ulus-kultur-merkezi-kapali-carsi-ve-dolmus-duraklari","status":"publish","type":"page","link":"https:\/\/albmuhendislik.com\/index.php\/ulus-kultur-merkezi-kapali-carsi-ve-dolmus-duraklari\/","title":{"rendered":"Ulus K\u00fclt\u00fcr Merkezi Kapal\u0131 \u00c7ar\u015f\u0131 ve Dolmu\u015f Duraklar\u0131"},"content":{"rendered":"\n<p><br><br><br><\/p>\n\n\n\n<div class=\"wp-block-columns is-layout-flex wp-container-core-columns-is-layout-28f84493 wp-block-columns-is-layout-flex\">\n<div class=\"wp-block-column is-layout-flow wp-block-column-is-layout-flow\">\n<figure class=\"wp-block-image size-full has-custom-border\"><img loading=\"lazy\" decoding=\"async\" width=\"1015\" height=\"720\" src=\"https:\/\/albmuhendislik.com\/wp-content\/uploads\/2026\/02\/Resim1-1.jpg\" alt=\"\" class=\"wp-image-275\" style=\"border-top-left-radius:30px;border-top-right-radius:30px;border-bottom-left-radius:30px;border-bottom-right-radius:30px\" srcset=\"https:\/\/albmuhendislik.com\/wp-content\/uploads\/2026\/02\/Resim1-1.jpg 1015w, https:\/\/albmuhendislik.com\/wp-content\/uploads\/2026\/02\/Resim1-1-300x213.jpg 300w, https:\/\/albmuhendislik.com\/wp-content\/uploads\/2026\/02\/Resim1-1-768x545.jpg 768w\" sizes=\"auto, (max-width: 1015px) 100vw, 1015px\" \/><\/figure>\n<\/div>\n\n\n\n<div class=\"wp-block-column is-layout-flow wp-block-column-is-layout-flow\">\n<figure class=\"wp-block-image size-large has-custom-border\"><img loading=\"lazy\" decoding=\"async\" width=\"1024\" height=\"637\" src=\"https:\/\/albmuhendislik.com\/wp-content\/uploads\/2026\/02\/uykm-1-1024x637.jpg\" alt=\"\" class=\"wp-image-310\" style=\"border-top-left-radius:30px;border-top-right-radius:30px;border-bottom-left-radius:30px;border-bottom-right-radius:30px\" srcset=\"https:\/\/albmuhendislik.com\/wp-content\/uploads\/2026\/02\/uykm-1-1024x637.jpg 1024w, https:\/\/albmuhendislik.com\/wp-content\/uploads\/2026\/02\/uykm-1-300x187.jpg 300w, https:\/\/albmuhendislik.com\/wp-content\/uploads\/2026\/02\/uykm-1-768x478.jpg 768w, https:\/\/albmuhendislik.com\/wp-content\/uploads\/2026\/02\/uykm-1.jpg 1524w\" sizes=\"auto, (max-width: 1024px) 100vw, 1024px\" \/><\/figure>\n<\/div>\n\n\n\n<div class=\"wp-block-column is-layout-flow wp-block-column-is-layout-flow\">\n<figure class=\"wp-block-image size-large has-custom-border\"><img loading=\"lazy\" decoding=\"async\" width=\"1024\" height=\"637\" src=\"https:\/\/albmuhendislik.com\/wp-content\/uploads\/2026\/02\/ukm-22-1024x637.jpg\" alt=\"\" class=\"wp-image-311\" style=\"border-top-left-radius:30px;border-top-right-radius:30px;border-bottom-left-radius:30px;border-bottom-right-radius:30px\" srcset=\"https:\/\/albmuhendislik.com\/wp-content\/uploads\/2026\/02\/ukm-22-1024x637.jpg 1024w, https:\/\/albmuhendislik.com\/wp-content\/uploads\/2026\/02\/ukm-22-300x187.jpg 300w, https:\/\/albmuhendislik.com\/wp-content\/uploads\/2026\/02\/ukm-22-768x478.jpg 768w, https:\/\/albmuhendislik.com\/wp-content\/uploads\/2026\/02\/ukm-22.jpg 1524w\" sizes=\"auto, (max-width: 1024px) 100vw, 1024px\" \/><\/figure>\n<\/div>\n<\/div>\n\n\n\n<div class=\"wp-block-columns is-layout-flex wp-container-core-columns-is-layout-28f84493 wp-block-columns-is-layout-flex\">\n<div class=\"wp-block-column is-layout-flow wp-block-column-is-layout-flow\">\n<figure class=\"wp-block-image size-full has-custom-border\"><img loading=\"lazy\" decoding=\"async\" width=\"2560\" height=\"1440\" src=\"https:\/\/albmuhendislik.com\/wp-content\/uploads\/2026\/02\/IMG_1079-scaled-1.jpg\" alt=\"\" class=\"wp-image-312\" style=\"border-top-left-radius:30px;border-top-right-radius:30px;border-bottom-left-radius:30px;border-bottom-right-radius:30px\" srcset=\"https:\/\/albmuhendislik.com\/wp-content\/uploads\/2026\/02\/IMG_1079-scaled-1.jpg 2560w, https:\/\/albmuhendislik.com\/wp-content\/uploads\/2026\/02\/IMG_1079-scaled-1-300x169.jpg 300w, https:\/\/albmuhendislik.com\/wp-content\/uploads\/2026\/02\/IMG_1079-scaled-1-1024x576.jpg 1024w, https:\/\/albmuhendislik.com\/wp-content\/uploads\/2026\/02\/IMG_1079-scaled-1-768x432.jpg 768w, https:\/\/albmuhendislik.com\/wp-content\/uploads\/2026\/02\/IMG_1079-scaled-1-1536x864.jpg 1536w, https:\/\/albmuhendislik.com\/wp-content\/uploads\/2026\/02\/IMG_1079-scaled-1-2048x1152.jpg 2048w\" sizes=\"auto, (max-width: 2560px) 100vw, 2560px\" \/><\/figure>\n<\/div>\n\n\n\n<div class=\"wp-block-column is-layout-flow wp-block-column-is-layout-flow\">\n<figure class=\"wp-block-image size-large has-custom-border\"><img loading=\"lazy\" decoding=\"async\" width=\"1024\" height=\"576\" src=\"https:\/\/albmuhendislik.com\/wp-content\/uploads\/2026\/02\/IMG_1067-1-scaled-1-1024x576.jpg\" alt=\"\" class=\"wp-image-313\" style=\"border-top-left-radius:30px;border-top-right-radius:30px;border-bottom-left-radius:30px;border-bottom-right-radius:30px\" srcset=\"https:\/\/albmuhendislik.com\/wp-content\/uploads\/2026\/02\/IMG_1067-1-scaled-1-1024x576.jpg 1024w, https:\/\/albmuhendislik.com\/wp-content\/uploads\/2026\/02\/IMG_1067-1-scaled-1-300x169.jpg 300w, https:\/\/albmuhendislik.com\/wp-content\/uploads\/2026\/02\/IMG_1067-1-scaled-1-768x432.jpg 768w, https:\/\/albmuhendislik.com\/wp-content\/uploads\/2026\/02\/IMG_1067-1-scaled-1-1536x864.jpg 1536w, https:\/\/albmuhendislik.com\/wp-content\/uploads\/2026\/02\/IMG_1067-1-scaled-1-2048x1152.jpg 2048w\" sizes=\"auto, (max-width: 1024px) 100vw, 1024px\" \/><\/figure>\n<\/div>\n\n\n\n<div class=\"wp-block-column is-layout-flow wp-block-column-is-layout-flow\">\n<figure class=\"wp-block-image size-large has-custom-border\"><img loading=\"lazy\" decoding=\"async\" width=\"1024\" height=\"576\" src=\"https:\/\/albmuhendislik.com\/wp-content\/uploads\/2026\/02\/IMG_1045-scaled-1-1024x576.jpg\" alt=\"\" class=\"wp-image-314\" style=\"border-top-left-radius:30px;border-top-right-radius:30px;border-bottom-left-radius:30px;border-bottom-right-radius:30px\" srcset=\"https:\/\/albmuhendislik.com\/wp-content\/uploads\/2026\/02\/IMG_1045-scaled-1-1024x576.jpg 1024w, https:\/\/albmuhendislik.com\/wp-content\/uploads\/2026\/02\/IMG_1045-scaled-1-300x169.jpg 300w, https:\/\/albmuhendislik.com\/wp-content\/uploads\/2026\/02\/IMG_1045-scaled-1-768x432.jpg 768w, https:\/\/albmuhendislik.com\/wp-content\/uploads\/2026\/02\/IMG_1045-scaled-1-1536x864.jpg 1536w, https:\/\/albmuhendislik.com\/wp-content\/uploads\/2026\/02\/IMG_1045-scaled-1-2048x1152.jpg 2048w\" sizes=\"auto, (max-width: 1024px) 100vw, 1024px\" \/><\/figure>\n<\/div>\n<\/div>\n\n\n\n<div class=\"wp-block-columns is-layout-flex wp-container-core-columns-is-layout-28f84493 wp-block-columns-is-layout-flex\">\n<div class=\"wp-block-column is-layout-flow wp-block-column-is-layout-flow\">\n<figure class=\"wp-block-image size-full has-custom-border\"><img loading=\"lazy\" decoding=\"async\" width=\"2560\" height=\"1440\" src=\"https:\/\/albmuhendislik.com\/wp-content\/uploads\/2026\/02\/1-scaled-1.jpg\" alt=\"\" class=\"wp-image-315\" style=\"border-top-left-radius:30px;border-top-right-radius:30px;border-bottom-left-radius:30px;border-bottom-right-radius:30px\" srcset=\"https:\/\/albmuhendislik.com\/wp-content\/uploads\/2026\/02\/1-scaled-1.jpg 2560w, https:\/\/albmuhendislik.com\/wp-content\/uploads\/2026\/02\/1-scaled-1-300x169.jpg 300w, https:\/\/albmuhendislik.com\/wp-content\/uploads\/2026\/02\/1-scaled-1-1024x576.jpg 1024w, https:\/\/albmuhendislik.com\/wp-content\/uploads\/2026\/02\/1-scaled-1-768x432.jpg 768w, https:\/\/albmuhendislik.com\/wp-content\/uploads\/2026\/02\/1-scaled-1-1536x864.jpg 1536w, https:\/\/albmuhendislik.com\/wp-content\/uploads\/2026\/02\/1-scaled-1-2048x1152.jpg 2048w\" sizes=\"auto, (max-width: 2560px) 100vw, 2560px\" \/><\/figure>\n<\/div>\n\n\n\n<div class=\"wp-block-column is-layout-flow wp-block-column-is-layout-flow\">\n<figure class=\"wp-block-image size-large has-custom-border\"><img loading=\"lazy\" decoding=\"async\" width=\"1024\" height=\"576\" src=\"https:\/\/albmuhendislik.com\/wp-content\/uploads\/2026\/02\/2-scaled-1-1024x576.jpg\" alt=\"\" class=\"wp-image-316\" style=\"border-top-left-radius:30px;border-top-right-radius:30px;border-bottom-left-radius:30px;border-bottom-right-radius:30px\" srcset=\"https:\/\/albmuhendislik.com\/wp-content\/uploads\/2026\/02\/2-scaled-1-1024x576.jpg 1024w, https:\/\/albmuhendislik.com\/wp-content\/uploads\/2026\/02\/2-scaled-1-300x169.jpg 300w, https:\/\/albmuhendislik.com\/wp-content\/uploads\/2026\/02\/2-scaled-1-768x432.jpg 768w, https:\/\/albmuhendislik.com\/wp-content\/uploads\/2026\/02\/2-scaled-1-1536x864.jpg 1536w, https:\/\/albmuhendislik.com\/wp-content\/uploads\/2026\/02\/2-scaled-1-2048x1152.jpg 2048w\" sizes=\"auto, (max-width: 1024px) 100vw, 1024px\" \/><\/figure>\n<\/div>\n\n\n\n<div class=\"wp-block-column is-layout-flow wp-block-column-is-layout-flow\">\n<figure class=\"wp-block-image size-large has-custom-border\"><img loading=\"lazy\" decoding=\"async\" width=\"1024\" height=\"576\" src=\"https:\/\/albmuhendislik.com\/wp-content\/uploads\/2026\/02\/IMG_1061-scaled-1-1024x576.jpg\" alt=\"\" class=\"wp-image-318\" style=\"border-top-left-radius:30px;border-top-right-radius:30px;border-bottom-left-radius:30px;border-bottom-right-radius:30px\" srcset=\"https:\/\/albmuhendislik.com\/wp-content\/uploads\/2026\/02\/IMG_1061-scaled-1-1024x576.jpg 1024w, https:\/\/albmuhendislik.com\/wp-content\/uploads\/2026\/02\/IMG_1061-scaled-1-300x169.jpg 300w, https:\/\/albmuhendislik.com\/wp-content\/uploads\/2026\/02\/IMG_1061-scaled-1-768x432.jpg 768w, https:\/\/albmuhendislik.com\/wp-content\/uploads\/2026\/02\/IMG_1061-scaled-1-1536x864.jpg 1536w, https:\/\/albmuhendislik.com\/wp-content\/uploads\/2026\/02\/IMG_1061-scaled-1-2048x1152.jpg 2048w\" sizes=\"auto, (max-width: 1024px) 100vw, 1024px\" \/><\/figure>\n<\/div>\n<\/div>\n\n\n\n<p><\/p>\n","protected":false},"excerpt":{"rendered":"","protected":false},"author":2,"featured_media":0,"parent":0,"menu_order":0,"comment_status":"closed","ping_status":"closed","template":"","meta":{"_uag_custom_page_level_css":"","site-sidebar-layout":"default","site-content-layout":"","ast-site-content-layout":"default","site-content-style":"default","site-sidebar-style":"default","ast-global-header-display":"","ast-banner-title-visibility":"","ast-main-header-display":"","ast-hfb-above-header-display":"","ast-hfb-below-header-display":"","ast-hfb-mobile-header-display":"","site-post-title":"disabled","ast-breadcrumbs-content":"","ast-featured-img":"","footer-sml-layout":"","ast-disable-related-posts":"","theme-transparent-header-meta":"","adv-header-id-meta":"","stick-header-meta":"","header-above-stick-meta":"","header-main-stick-meta":"","header-below-stick-meta":"","astra-migrate-meta-layouts":"default","ast-page-background-enabled":"default","ast-page-background-meta":{"desktop":{"background-color":"var(--ast-global-color-5)","background-image":"","background-repeat":"repeat","background-position":"center center","background-size":"auto","background-attachment":"scroll","background-type":"","background-media":"","overlay-type":"","overlay-color":"","overlay-opacity":"","overlay-gradient":""},"tablet":{"background-color":"","background-image":"","background-repeat":"repeat","background-position":"center center","background-size":"auto","background-attachment":"scroll","background-type":"","background-media":"","overlay-type":"","overlay-color":"","overlay-opacity":"","overlay-gradient":""},"mobile":{"background-color":"","background-image":"","background-repeat":"repeat","background-position":"center center","background-size":"auto","background-attachment":"scroll","background-type":"","background-media":"","overlay-type":"","overlay-color":"","overlay-opacity":"","overlay-gradient":""}},"ast-content-background-meta":{"desktop":{"background-color":"var(--ast-global-color-4)","background-image":"","background-repeat":"repeat","background-position":"center center","background-size":"auto","background-attachment":"scroll","background-type":"","background-media":"","overlay-type":"","overlay-color":"","overlay-opacity":"","overlay-gradient":""},"tablet":{"background-color":"var(--ast-global-color-4)","background-image":"","background-repeat":"repeat","background-position":"center center","background-size":"auto","background-attachment":"scroll","background-type":"","background-media":"","overlay-type":"","overlay-color":"","overlay-opacity":"","overlay-gradient":""},"mobile":{"background-color":"var(--ast-global-color-4)","background-image":"","background-repeat":"repeat","background-position":"center center","background-size":"auto","background-attachment":"scroll","background-type":"","background-media":"","overlay-type":"","overlay-color":"","overlay-opacity":"","overlay-gradient":""}},"footnotes":""},"class_list":["post-274","page","type-page","status-publish","hentry"],"uagb_featured_image_src":{"full":false,"thumbnail":false,"medium":false,"medium_large":false,"large":false,"1536x1536":false,"2048x2048":false},"uagb_author_info":{"display_name":"ALB Admin","author_link":"https:\/\/albmuhendislik.com\/index.php\/author\/albadmin\/"},"uagb_comment_info":0,"uagb_excerpt":null,"_links":{"self":[{"href":"https:\/\/albmuhendislik.com\/index.php\/wp-json\/wp\/v2\/pages\/274","targetHints":{"allow":["GET"]}}],"collection":[{"href":"https:\/\/albmuhendislik.com\/index.php\/wp-json\/wp\/v2\/pages"}],"about":[{"href":"https:\/\/albmuhendislik.com\/index.php\/wp-json\/wp\/v2\/types\/page"}],"author":[{"embeddable":true,"href":"https:\/\/albmuhendislik.com\/index.php\/wp-json\/wp\/v2\/users\/2"}],"replies":[{"embeddable":true,"href":"https:\/\/albmuhendislik.com\/index.php\/wp-json\/wp\/v2\/comments?post=274"}],"version-history":[{"count":6,"href":"https:\/\/albmuhendislik.com\/index.php\/wp-json\/wp\/v2\/pages\/274\/revisions"}],"predecessor-version":[{"id":319,"href":"https:\/\/albmuhendislik.com\/index.php\/wp-json\/wp\/v2\/pages\/274\/revisions\/319"}],"wp:attachment":[{"href":"https:\/\/albmuhendislik.com\/index.php\/wp-json\/wp\/v2\/media?parent=274"}],"curies":[{"name":"wp","href":"https:\/\/api.w.org\/{rel}","templated":true}]}}