{"id":292,"date":"2026-02-11T11:13:33","date_gmt":"2026-02-11T11:13:33","guid":{"rendered":"https:\/\/albmuhendislik.com\/?page_id=292"},"modified":"2026-02-11T11:13:33","modified_gmt":"2026-02-11T11:13:33","slug":"ordu-ili-gurgentepe-ilcesi-cumhuriyet-orta-okulu-yapim-isi","status":"publish","type":"page","link":"https:\/\/albmuhendislik.com\/index.php\/ordu-ili-gurgentepe-ilcesi-cumhuriyet-orta-okulu-yapim-isi\/","title":{"rendered":"ORDU \u0130L\u0130 G\u00dcRGENTEPE \u0130L\u00c7ES\u0130 CUMHUR\u0130YET ORTA OKULU YAPIM \u0130\u015e\u0130"},"content":{"rendered":"\n<p><br><br><br><\/p>\n\n\n\n<div class=\"wp-block-columns is-layout-flex wp-container-core-columns-is-layout-28f84493 wp-block-columns-is-layout-flex\">\n<div class=\"wp-block-column is-layout-flow wp-block-column-is-layout-flow\">\n<figure class=\"wp-block-image size-full has-custom-border\"><img loading=\"lazy\" decoding=\"async\" width=\"1018\" height=\"594\" src=\"https:\/\/albmuhendislik.com\/wp-content\/uploads\/2026\/02\/1.jpeg\" alt=\"\" class=\"wp-image-259\" style=\"border-top-left-radius:30px;border-top-right-radius:30px;border-bottom-left-radius:30px;border-bottom-right-radius:30px\" srcset=\"https:\/\/albmuhendislik.com\/wp-content\/uploads\/2026\/02\/1.jpeg 1018w, https:\/\/albmuhendislik.com\/wp-content\/uploads\/2026\/02\/1-300x175.jpeg 300w, https:\/\/albmuhendislik.com\/wp-content\/uploads\/2026\/02\/1-768x448.jpeg 768w\" sizes=\"auto, (max-width: 1018px) 100vw, 1018px\" \/><\/figure>\n<\/div>\n\n\n\n<div class=\"wp-block-column is-layout-flow wp-block-column-is-layout-flow\">\n<figure class=\"wp-block-image size-large has-custom-border\"><img loading=\"lazy\" decoding=\"async\" width=\"1718\" height=\"1396\" src=\"https:\/\/albmuhendislik.com\/wp-content\/uploads\/2026\/02\/2-1024x832.jpeg\" alt=\"\" class=\"wp-image-261\" style=\"border-top-left-radius:30px;border-top-right-radius:30px;border-bottom-left-radius:30px;border-bottom-right-radius:30px\" srcset=\"https:\/\/albmuhendislik.com\/wp-content\/uploads\/2026\/02\/2-1024x832.jpeg 1024w, https:\/\/albmuhendislik.com\/wp-content\/uploads\/2026\/02\/2-300x244.jpeg 300w, https:\/\/albmuhendislik.com\/wp-content\/uploads\/2026\/02\/2-768x624.jpeg 768w, https:\/\/albmuhendislik.com\/wp-content\/uploads\/2026\/02\/2-1536x1248.jpeg 1536w, https:\/\/albmuhendislik.com\/wp-content\/uploads\/2026\/02\/2.jpeg 1718w\" sizes=\"auto, (max-width: 1718px) 100vw, 1718px\" \/><\/figure>\n<\/div>\n\n\n\n<div class=\"wp-block-column is-layout-flow wp-block-column-is-layout-flow\">\n<figure class=\"wp-block-image size-full has-custom-border\"><img loading=\"lazy\" decoding=\"async\" width=\"1024\" height=\"768\" src=\"https:\/\/albmuhendislik.com\/wp-content\/uploads\/2026\/02\/WhatsApp-Image-2021-12-12-at-13.21.15-4.jpeg\" alt=\"\" class=\"wp-image-257\" style=\"border-top-left-radius:30px;border-top-right-radius:30px;border-bottom-left-radius:30px;border-bottom-right-radius:30px\" srcset=\"https:\/\/albmuhendislik.com\/wp-content\/uploads\/2026\/02\/WhatsApp-Image-2021-12-12-at-13.21.15-4.jpeg 1024w, https:\/\/albmuhendislik.com\/wp-content\/uploads\/2026\/02\/WhatsApp-Image-2021-12-12-at-13.21.15-4-300x225.jpeg 300w, https:\/\/albmuhendislik.com\/wp-content\/uploads\/2026\/02\/WhatsApp-Image-2021-12-12-at-13.21.15-4-768x576.jpeg 768w\" sizes=\"auto, (max-width: 1024px) 100vw, 1024px\" \/><\/figure>\n<\/div>\n<\/div>\n\n\n\n<div class=\"wp-block-columns is-layout-flex wp-container-core-columns-is-layout-28f84493 wp-block-columns-is-layout-flex\">\n<div class=\"wp-block-column is-layout-flow wp-block-column-is-layout-flow\">\n<figure class=\"wp-block-image size-full has-custom-border\"><img loading=\"lazy\" decoding=\"async\" width=\"1017\" height=\"473\" src=\"https:\/\/albmuhendislik.com\/wp-content\/uploads\/2026\/02\/22.jpeg\" alt=\"\" class=\"wp-image-260\" style=\"border-top-left-radius:30px;border-top-right-radius:30px;border-bottom-left-radius:30px;border-bottom-right-radius:30px\" srcset=\"https:\/\/albmuhendislik.com\/wp-content\/uploads\/2026\/02\/22.jpeg 1017w, https:\/\/albmuhendislik.com\/wp-content\/uploads\/2026\/02\/22-300x140.jpeg 300w, https:\/\/albmuhendislik.com\/wp-content\/uploads\/2026\/02\/22-768x357.jpeg 768w\" sizes=\"auto, (max-width: 1017px) 100vw, 1017px\" \/><\/figure>\n<\/div>\n\n\n\n<div class=\"wp-block-column is-layout-flow wp-block-column-is-layout-flow\">\n<figure class=\"wp-block-image size-full has-custom-border\"><img loading=\"lazy\" decoding=\"async\" width=\"1024\" height=\"768\" src=\"https:\/\/albmuhendislik.com\/wp-content\/uploads\/2026\/02\/WhatsApp-Image-2021-12-12-at-13.21.16.jpeg\" alt=\"\" class=\"wp-image-258\" style=\"border-top-left-radius:30px;border-top-right-radius:30px;border-bottom-left-radius:30px;border-bottom-right-radius:30px\" srcset=\"https:\/\/albmuhendislik.com\/wp-content\/uploads\/2026\/02\/WhatsApp-Image-2021-12-12-at-13.21.16.jpeg 1024w, https:\/\/albmuhendislik.com\/wp-content\/uploads\/2026\/02\/WhatsApp-Image-2021-12-12-at-13.21.16-300x225.jpeg 300w, https:\/\/albmuhendislik.com\/wp-content\/uploads\/2026\/02\/WhatsApp-Image-2021-12-12-at-13.21.16-768x576.jpeg 768w\" sizes=\"auto, (max-width: 1024px) 100vw, 1024px\" \/><\/figure>\n<\/div>\n\n\n\n<div class=\"wp-block-column is-layout-flow wp-block-column-is-layout-flow\">\n<figure class=\"wp-block-image size-large has-custom-border\"><img loading=\"lazy\" decoding=\"async\" width=\"1024\" height=\"577\" src=\"https:\/\/albmuhendislik.com\/wp-content\/uploads\/2026\/02\/WhatsApp-Image-2026-01-29-at-11.02.31-2-1024x577.jpeg\" alt=\"\" class=\"wp-image-236\" style=\"border-top-left-radius:30px;border-top-right-radius:30px;border-bottom-left-radius:30px;border-bottom-right-radius:30px\" srcset=\"https:\/\/albmuhendislik.com\/wp-content\/uploads\/2026\/02\/WhatsApp-Image-2026-01-29-at-11.02.31-2-1024x577.jpeg 1024w, https:\/\/albmuhendislik.com\/wp-content\/uploads\/2026\/02\/WhatsApp-Image-2026-01-29-at-11.02.31-2-300x169.jpeg 300w, https:\/\/albmuhendislik.com\/wp-content\/uploads\/2026\/02\/WhatsApp-Image-2026-01-29-at-11.02.31-2-768x433.jpeg 768w, https:\/\/albmuhendislik.com\/wp-content\/uploads\/2026\/02\/WhatsApp-Image-2026-01-29-at-11.02.31-2.jpeg 1206w\" sizes=\"auto, (max-width: 1024px) 100vw, 1024px\" \/><\/figure>\n<\/div>\n<\/div>\n\n\n\n<div class=\"wp-block-columns is-layout-flex wp-container-core-columns-is-layout-28f84493 wp-block-columns-is-layout-flex\">\n<div class=\"wp-block-column is-layout-flow wp-block-column-is-layout-flow\">\n<figure class=\"wp-block-image size-full has-custom-border\"><img loading=\"lazy\" decoding=\"async\" width=\"1600\" height=\"900\" src=\"https:\/\/albmuhendislik.com\/wp-content\/uploads\/2026\/02\/WhatsApp-Image-2026-01-29-at-11.02.15-edited.jpeg\" alt=\"\" class=\"wp-image-293\" style=\"border-top-left-radius:30px;border-top-right-radius:30px;border-bottom-left-radius:30px;border-bottom-right-radius:30px\" srcset=\"https:\/\/albmuhendislik.com\/wp-content\/uploads\/2026\/02\/WhatsApp-Image-2026-01-29-at-11.02.15-edited.jpeg 1600w, https:\/\/albmuhendislik.com\/wp-content\/uploads\/2026\/02\/WhatsApp-Image-2026-01-29-at-11.02.15-edited-300x169.jpeg 300w, https:\/\/albmuhendislik.com\/wp-content\/uploads\/2026\/02\/WhatsApp-Image-2026-01-29-at-11.02.15-edited-1024x576.jpeg 1024w, https:\/\/albmuhendislik.com\/wp-content\/uploads\/2026\/02\/WhatsApp-Image-2026-01-29-at-11.02.15-edited-768x432.jpeg 768w, https:\/\/albmuhendislik.com\/wp-content\/uploads\/2026\/02\/WhatsApp-Image-2026-01-29-at-11.02.15-edited-1536x864.jpeg 1536w\" sizes=\"auto, (max-width: 1600px) 100vw, 1600px\" \/><\/figure>\n<\/div>\n\n\n\n<div class=\"wp-block-column is-layout-flow wp-block-column-is-layout-flow\">\n<figure class=\"wp-block-image size-full has-custom-border\"><img loading=\"lazy\" decoding=\"async\" width=\"1206\" height=\"804\" src=\"https:\/\/albmuhendislik.com\/wp-content\/uploads\/2026\/02\/WhatsApp-Image-2026-01-29-at-11.02.31-1-edited.jpeg\" alt=\"\" class=\"wp-image-294\" style=\"border-top-left-radius:30px;border-top-right-radius:30px;border-bottom-left-radius:30px;border-bottom-right-radius:30px\" srcset=\"https:\/\/albmuhendislik.com\/wp-content\/uploads\/2026\/02\/WhatsApp-Image-2026-01-29-at-11.02.31-1-edited.jpeg 1206w, https:\/\/albmuhendislik.com\/wp-content\/uploads\/2026\/02\/WhatsApp-Image-2026-01-29-at-11.02.31-1-edited-300x200.jpeg 300w, https:\/\/albmuhendislik.com\/wp-content\/uploads\/2026\/02\/WhatsApp-Image-2026-01-29-at-11.02.31-1-edited-1024x683.jpeg 1024w, https:\/\/albmuhendislik.com\/wp-content\/uploads\/2026\/02\/WhatsApp-Image-2026-01-29-at-11.02.31-1-edited-768x512.jpeg 768w\" sizes=\"auto, (max-width: 1206px) 100vw, 1206px\" \/><\/figure>\n<\/div>\n\n\n\n<div class=\"wp-block-column is-layout-flow wp-block-column-is-layout-flow\"><\/div>\n<\/div>\n","protected":false},"excerpt":{"rendered":"","protected":false},"author":2,"featured_media":0,"parent":0,"menu_order":0,"comment_status":"closed","ping_status":"closed","template":"","meta":{"_uag_custom_page_level_css":"","site-sidebar-layout":"default","site-content-layout":"","ast-site-content-layout":"default","site-content-style":"default","site-sidebar-style":"default","ast-global-header-display":"","ast-banner-title-visibility":"","ast-main-header-display":"","ast-hfb-above-header-display":"","ast-hfb-below-header-display":"","ast-hfb-mobile-header-display":"","site-post-title":"disabled","ast-breadcrumbs-content":"","ast-featured-img":"","footer-sml-layout":"","ast-disable-related-posts":"","theme-transparent-header-meta":"","adv-header-id-meta":"","stick-header-meta":"","header-above-stick-meta":"","header-main-stick-meta":"","header-below-stick-meta":"","astra-migrate-meta-layouts":"default","ast-page-background-enabled":"default","ast-page-background-meta":{"desktop":{"background-color":"var(--ast-global-color-5)","background-image":"","background-repeat":"repeat","background-position":"center center","background-size":"auto","background-attachment":"scroll","background-type":"","background-media":"","overlay-type":"","overlay-color":"","overlay-opacity":"","overlay-gradient":""},"tablet":{"background-color":"","background-image":"","background-repeat":"repeat","background-position":"center center","background-size":"auto","background-attachment":"scroll","background-type":"","background-media":"","overlay-type":"","overlay-color":"","overlay-opacity":"","overlay-gradient":""},"mobile":{"background-color":"","background-image":"","background-repeat":"repeat","background-position":"center center","background-size":"auto","background-attachment":"scroll","background-type":"","background-media":"","overlay-type":"","overlay-color":"","overlay-opacity":"","overlay-gradient":""}},"ast-content-background-meta":{"desktop":{"background-color":"var(--ast-global-color-4)","background-image":"","background-repeat":"repeat","background-position":"center center","background-size":"auto","background-attachment":"scroll","background-type":"","background-media":"","overlay-type":"","overlay-color":"","overlay-opacity":"","overlay-gradient":""},"tablet":{"background-color":"var(--ast-global-color-4)","background-image":"","background-repeat":"repeat","background-position":"center center","background-size":"auto","background-attachment":"scroll","background-type":"","background-media":"","overlay-type":"","overlay-color":"","overlay-opacity":"","overlay-gradient":""},"mobile":{"background-color":"var(--ast-global-color-4)","background-image":"","background-repeat":"repeat","background-position":"center center","background-size":"auto","background-attachment":"scroll","background-type":"","background-media":"","overlay-type":"","overlay-color":"","overlay-opacity":"","overlay-gradient":""}},"footnotes":""},"class_list":["post-292","page","type-page","status-publish","hentry"],"uagb_featured_image_src":{"full":false,"thumbnail":false,"medium":false,"medium_large":false,"large":false,"1536x1536":false,"2048x2048":false},"uagb_author_info":{"display_name":"ALB Admin","author_link":"https:\/\/albmuhendislik.com\/index.php\/author\/albadmin\/"},"uagb_comment_info":0,"uagb_excerpt":null,"_links":{"self":[{"href":"https:\/\/albmuhendislik.com\/index.php\/wp-json\/wp\/v2\/pages\/292","targetHints":{"allow":["GET"]}}],"collection":[{"href":"https:\/\/albmuhendislik.com\/index.php\/wp-json\/wp\/v2\/pages"}],"about":[{"href":"https:\/\/albmuhendislik.com\/index.php\/wp-json\/wp\/v2\/types\/page"}],"author":[{"embeddable":true,"href":"https:\/\/albmuhendislik.com\/index.php\/wp-json\/wp\/v2\/users\/2"}],"replies":[{"embeddable":true,"href":"https:\/\/albmuhendislik.com\/index.php\/wp-json\/wp\/v2\/comments?post=292"}],"version-history":[{"count":1,"href":"https:\/\/albmuhendislik.com\/index.php\/wp-json\/wp\/v2\/pages\/292\/revisions"}],"predecessor-version":[{"id":295,"href":"https:\/\/albmuhendislik.com\/index.php\/wp-json\/wp\/v2\/pages\/292\/revisions\/295"}],"wp:attachment":[{"href":"https:\/\/albmuhendislik.com\/index.php\/wp-json\/wp\/v2\/media?parent=292"}],"curies":[{"name":"wp","href":"https:\/\/api.w.org\/{rel}","templated":true}]}}